 = p**3 - 12*p**2 + 10*p + 15. Let f be i(11). Let n be f/20 + 168/10. What is the greatest common divisor of 17 and n?
17
Suppose 4*g - 34 = -s, 4*s = -0*s + 4*g + 136. Let z = -56 + 107. Calculate the greatest common factor of s and z.
17
Let i = 13 + -2. Let x be 0 - 2/(-3) - (-582)/18. What is the greatest common divisor of x and i?
11
Let w = 73 + 90. Suppose -3*r + w = -17. Calculate the greatest common factor of r and 40.
20
Suppose -3*c + 6 = -5*p, -3*c - 1 = -3*p - 7. Suppose 2*x + 0*x = p. Let k be 0 + 50 + x + 0. What is the highest common divisor of k and 10?
10
Let w be 450/(-24) + 3/(-12). Let k = w - -31. What is the highest common divisor of 108 and k?
12
Suppose -4*m + 5*p + 108 = 0, -2 = -5*m + 4*p + 133. What is the highest common factor of 3 and m?
3
Let n be (-34)/4 + (-2)/(-4). Let f be 7 - 5 - (1 - (0 + 21)). Let b = f + n. Calculate the greatest common divisor of 98 and b.
14
Suppose 0 = 4*q - 2*q - 90. What is the greatest common divisor of q and 15?
15
Suppose -5*i = -2*x - 34, -3*x = 2*i - 2*x - 19. Calculate the highest common divisor of i and 16.
8
Suppose -l - 8 = -3*j - 5*l, 4*j = 2*l + 18. Let b be (6/(-3))/(j/(-6)). Suppose -6*y + b*y = -27. Calculate the greatest common divisor of 63 and y.
9
Let q be (-1)/(-4) - 3162/(-24). Suppose p + q = 4*p. What is the highest common factor of p and 11?
11
Let u(x) = x**2 - 4*x + 8. Let l(v) = -v. Let i(o) = -4*l(o) - u(o). Let n be i(6). Let m = n - -17. Calculate the greatest common divisor of 63 and m.
21
Suppose -16*a + a = -1845. What is the highest common factor of 82 and a?
41
Let r be (-39)/(-4) + 1/4. Suppose y + 0 = -x + 13, -x = -5*y + 77. What is the highest common divisor of r and y?
5
Suppose 7*c + 37 = 562. Suppose -3*l - h = -164, 0*l - 64 = -l - 5*h. Let z = l + -24. Calculate the highest common divisor of z and c.
15
Suppose 0 = -w - 2*w, 0 = -i - 3*w - 2. Let t = 6 + i. Suppose t*b = 5*b - 64. Calculate the greatest common divisor of 8 and b.
8
Suppose 3*j - j + x = 33, -82 = -5*j - 3*x. What is the highest common factor of j and 119?
17
Let a(x) = -x**3 + x**2 - x + 0 - 4*x**2 - 1. Let p be a(-3). Let n = p + 1. Calculate the highest common factor of 6 and n.
3
Let u = 12 - 6. Suppose 3*q = -f - f - 13, -q = f + u. Let m be (13 + q)/(6/9). What is the greatest common divisor of 90 and m?
18
Suppose -4*y + o - 6*o + 18 = 0, 2*o = 5*y - 6. Let u = 0 + y. Let t be 3*u/(-3) - -14. Calculate the highest common divisor of 48 and t.
12
Suppose 4*t = -0*t + 144. What is the highest common factor of 3 and t?
3
Suppose 4*t - 92 - 135 = 5*l, 3*t = l + 184. Calculate the greatest common divisor of t and 7.
7
Let p(r) = 12*r - 3. Let s(k) = k + 6. Let c be s(-4). Let b be p(c). Let h be 6 + 0 + -1 + 2. What is the greatest common factor of h and b?
7
Let p be 15 + 4*(-1)/(-4). What is the highest common factor of 40 and p?
8
Suppose -l + 93 = -0*l + 5*r, 2*l - 171 = -5*r. Let t = 10 - -16. What is the highest common factor of t and l?
26
Let a = 57 + 118. What is the greatest common divisor of a and 25?
25
Let j(s) = 8*s**3. Let k be j(2). Let z = k - 32. Calculate the greatest common divisor of 80 and z.
16
Let r = -15 + 52. Calculate the highest common factor of 407 and r.
37
Let h be 1/(-1) - (12 + -19). Calculate the highest common factor of h and 2.
2
Let s(l) = l**2 + 5*l - 3. Let n be s(-6). Let d(w) = w**3 + 7*w**2 + 14*w + 11. Let y be d(-4). Calculate the highest common factor of n and y.
3
Let c = -2 + 4. Let g be (-2)/(-6) - 2/6. Suppose -5*r = -0*v - v - 16, -4*r + 2*v + 8 = g. What is the highest common factor of c and r?
2
Suppose 2*f = f - 4. Let i be 51/15 - f/(-10). Let t be 18 - (-2 + (i - 3)). Calculate the highest common divisor of t and 20.
20
Suppose -2*i + 11 = -3. Calculate the highest common divisor of 7 and i.
7
Suppose -6*v + 80 = -2*v. Suppose 0*n = -2*n + 10, -35 = -3*s - n. Calculate the highest common factor of s and v.
10
Let n = 109 + -103. Suppose 4 = -4*k + 5*k. What is the highest common divisor of k and n?
2
Let y(z) = z - 124. Let a be y(0). Let g = a + 217. Calculate the highest common factor of g and 62.
31
Let s(w) = w + 3. Let z be s(11). What is the highest common divisor of 112 and z?
14
Let y be (-15)/10*(-4)/(-6). Let l = -4 - y. Let x(o) = -6*o - 3. Let w be x(l). What is the greatest common divisor of 15 and w?
15
Let g be (8/6)/((-9)/(-81)). Calculate the highest common divisor of 132 and g.
12
Suppose 5*a + 23 = 2*t, -a + 3*a = -3*t - 13. Let x = t - -3. Suppose x*w = 34 + 6. What is the greatest common divisor of w and 8?
4
Let j(c) = c**3 + 11*c**2 - 2*c - 8. Let n be j(-11). Suppose 82 + 64 = x + 4*v, 0 = 3*x + 4*v - 454. What is the greatest common divisor of n and x?
14
Suppose 0 = 5*f + k - 77, -5*f + 5*k + 101 = 6. Calculate the greatest common factor of f and 2.
2
Let m(z) = z**2 + 2 + 3 - 5*z**2 - 4 + 9*z - z**3. Let w be m(-6). Calculate the highest common divisor of 171 and w.
19
Let x = 6 + -4. Suppose q + 2*r + 6 = 5*q, 0 = x*q + r - 9. Suppose q*f - 16 = 2. Calculate the greatest common divisor of 6 and f.
6
Let k be 4 + 0 + 131 + 5. Calculate the highest common divisor of k and 56.
28
Let o = -8 - -14. Let f(h) be the second derivative of 3*h**3/2 + h**2 - 2*h. Let j be f(o). Calculate the highest common divisor of 7 and j.
7
Let v(m) = 14*m**2 - 3*m + 1. Let k be v(1). What is the greatest common factor of 6 and k?
6
Suppose -q + 7 = 2. Suppose q*w + 0*w + 3*l - 19 = 0, 2*w - 6 = -2*l. What is the highest common divisor of w and 10?
5
Suppose 0*z + 3*f - 653 = -2*z, -4*z - f = -1281. What is the highest common factor of z and 29?
29
Let b(c) = -c**3 - 5*c**2 + 1. Let y be b(0). What is the greatest common divisor of y and 11?
1
Let u = -19 + 6. Let d be 5/(u/(-4) - 3). Calculate the greatest common divisor of d and 20.
20
Suppose -z = 4*g + 25, -z - 5 = 3*g + 14. Let b = 28 + g. Calculate the highest common divisor of 55 and b.
11
Let w(c) = 7*c + 36. Let d be w(-4). Calculate the greatest common factor of 8 and d.
8
Let c = 8 + -5. Suppose -o = c*d, 28 = -o + 5*o + 5*d. Calculate the highest common factor of 24 and o.
12
Let s be (-6)/(-2) - (2 + -2). Suppose n = s*c + 43, 3*c = -0*n - 2*n + 77. Calculate the greatest common divisor of 16 and n.
8
Let a = -95 + 104. Calculate the greatest common factor of 9 and a.
9
Suppose f - 3*f - 38 = 0. Let q = f - -29. What is the highest common factor of q and 80?
10
Let t be 2/(-12) + 1063/6. Suppose 2*c + 2*f = -f + 87, -5*f = 4*c - t. Let i be ((-6)/(-4) - 2)*-12. What is the highest common divisor of c and i?
6
Let q be ((-180)/(-8))/(2/4). Let n(a) = 7*a**2 + a. Let b be n(-1). Suppose 2*l = 42 - b. Calculate the highest common factor of l and q.
9
Let u = 482 - 207. Suppose -a = -4*k - 53 + 153, -5*k = -4*a - 125. What is the greatest common factor of k and u?
25
Let z(s) = -s**3 - 12*s**2 - 15*s - 38. Let x be z(-11). What is the highest common divisor of 42 and x?
6
Suppose 5*c - x = -164, 5 + 35 = -c + 2*x. Let w be ((-56)/c)/(1/4). Let k = 138 + -61. Calculate the greatest common divisor of k and w.
7
Suppose 4*h - 9 - 3 = 0. Suppose 0 = -u - 4*j + 49, 0 = h*u + 4*j - 0*j - 179. Let m = 46 - 20. Calculate the greatest common factor of u and m.
13
Suppose 333 - 1808 = -5*f. Let a = f - 207. What is the greatest common divisor of a and 11?
11
Let n be -1 + 2/(-2 + 3). Let q(z) = -6*z + 2. Let l(k) = -k - 1. Let t(h) = n*q(h) + 3*l(h). Let y be t(-1). Calculate the greatest common factor of y and 8.
8
Let p(n) = -n - 3. Let f be p(-3). Suppose 0 = 5*r - f*r - 35. Suppose 0 = -w + r + 3. What is the greatest common factor of 2 and w?
2
Let w = -4 + 9. Suppose w*x - 57 - 83 = 0. Calculate the highest common divisor of 308 and x.
28
Suppose 0 = 5*s - 56 - 19. Suppose c - 7 = -4. Suppose -c*i + 41 + 4 = 0. What is the highest common divisor of i and s?
15
Suppose 8 = 5*r - 7. Suppose 0 = 2*d - 4*j - 28, -j = -r*d + 2*d + 9. Suppose 2*n = -2*f - n + 198, d*n = 0. Calculate the highest common factor of 9 and f.
9
Let q(y) = -y**3 + 7*y**2 + 9. Let p be q(7). Let b be 2/3 - (-16)/3. Suppose v - b*v = -405. What is the greatest common divisor of p and v?
9
Let p = 61 - 56. What is the highest common divisor of 45 and p?
5
Let q = -38 - -58. Let p = -37 -